{"id":101,"date":"2018-12-24T14:02:03","date_gmt":"2018-12-24T13:02:03","guid":{"rendered":"http:\/\/cfs72.fr\/?page_id=101"},"modified":"2020-09-20T12:31:05","modified_gmt":"2020-09-20T10:31:05","slug":"qui-peut-en-realiser","status":"publish","type":"page","link":"https:\/\/cfs72.fr\/index.php\/qui-peut-en-realiser\/","title":{"rendered":"Qui peut en r\u00e9aliser?"},"content":{"rendered":"<div id=\"pl-101\"  class=\"panel-layout\" >\n<div id=\"pg-101-0\"  class=\"panel-grid panel-no-style\"  data-ratio=\"1\"  data-ratio-direction=\"right\" >\n<div id=\"pgc-101-0-0\"  class=\"panel-grid-cell\"  data-weight=\"1\" >\n<div id=\"panel-101-0-0-0\" class=\"so-panel widget widget_text panel-first-child panel-last-child\" data-index=\"0\" data-style=\"{&quot;widget_css&quot;:&quot;text-align: center;\\nfont-size: x-large;&quot;,&quot;mobile_css&quot;:&quot;text-align: center;\\nfont-size: x-large;&quot;,&quot;background_image_attachment&quot;:false,&quot;background_display&quot;:&quot;tile&quot;}\" >\n<div class=\"panel-widget-style panel-widget-style-for-101-0-0-0\" >\n<div class=\"textwidget\">\n<p><strong>Qui peu en r\u00e9aliser ?<\/strong><\/p>\n<\/div><\/div>\n<\/div>\n<\/div>\n<\/div>\n<div id=\"pg-101-1\"  class=\"panel-grid panel-no-style\" >\n<div id=\"pgc-101-1-0\"  class=\"panel-grid-cell\"  data-weight=\"1\" >\n<div id=\"panel-101-1-0-0\" class=\"so-panel widget widget_sow-editor panel-first-child panel-last-child\" data-index=\"1\" data-style=\"{&quot;widget_css&quot;:&quot;text-align: justify;\\n&quot;,&quot;mobile_css&quot;:&quot;text-align: justify;\\n&quot;,&quot;background_image_attachment&quot;:false,&quot;background_display&quot;:&quot;tile&quot;}\" >\n<div class=\"panel-widget-style panel-widget-style-for-101-1-0-0\" >\n<div class=\"so-widget-sow-editor so-widget-sow-editor-base\">\n<div class=\"siteorigin-widget-tinymce textwidget\">\n<p><img loading=\"lazy\" decoding=\"async\" class=\"size-medium wp-image-222 aligncenter\" src=\"http:\/\/127.0.0.1\/wp-content\/uploads\/2018\/06\/secu_civile-300x198.jpg\" alt=\"\" width=\"300\" height=\"198\" \/><\/p>\n<h4><img loading=\"lazy\" decoding=\"async\" class=\" wp-image-206 aligncenter\" src=\"http:\/\/cfs72.fr\/wp-content\/uploads\/2019\/01\/securite-civile-1-300x128.png\" alt=\"\" width=\"415\" height=\"177\" srcset=\"https:\/\/cfs72.fr\/wp-content\/uploads\/2019\/01\/securite-civile-1-300x128.png 300w, https:\/\/cfs72.fr\/wp-content\/uploads\/2019\/01\/securite-civile-1.png 705w\" sizes=\"auto, (max-width: 415px) 100vw, 415px\" \/><\/h4>\n<h4>Ces DPS sont r\u00e9alis\u00e9s par des associations agr\u00e9\u00e9es de s\u00e9curit\u00e9 civile, telles que le Centre Fran\u00e7ais de Secourisme. Elles ont des obligations tant au niveau du personnel (formations, tenues) que du mat\u00e9riel (lots de mat\u00e9riels minimum obligatoire, v\u00e9hicules respectant certaines normes\u2026).<\/h4>\n<h4><\/h4>\n<h4>Si vous souhaitez r\u00e9aliser un \u00e9v\u00e9nement t\u00e9l\u00e9chargez ci dessous la demande \u00e0 nous renvoyer gr\u00e2ce au <strong><a href=\"http:\/\/cfs72.fr\/index.php\/demande-de-dps\/\">formulaire de contact<\/a>.\u00a0<\/strong><\/h4>\n<h4 style=\"text-align: center;\"><a href=\"http:\/\/cfs72.fr\/wp-content\/uploads\/2019\/01\/Demande_DPS.pdf\" target=\"_blank\" rel=\"noopener noreferrer\">Demande_DPS<\/a><\/h4>\n<h4><a href=\"http:\/\/127.0.0.1\/wp-content\/uploads\/2018\/07\/Demande_DPS.pdf\" target=\"_blank\" rel=\"noopener noreferrer\"><img loading=\"lazy\" decoding=\"async\" class=\"aligncenter wp-image-398\" title=\"Demande de DPS\" src=\"http:\/\/127.0.0.1\/wp-content\/uploads\/2018\/07\/adobe-pdf-icon.png\" alt=\"\" width=\"190\" height=\"190\" \/><\/a><\/h4>\n<\/div>\n<\/div>\n<\/div>\n<\/div>\n<\/div>\n<\/div>\n<\/div>\n<style type=\"text\/css\" class=\"panels-style\" data-panels-style-for-post=\"101\">@import url(http:\/\/cfs72.fr\/wp-content\/plugins\/siteorigin-panels\/css\/front-legacy.css); #pgc-101-0-0 , #pgc-101-1-0 { width:100% } #pg-101-0 , #pl-101 .so-panel { margin-bottom:35px } #pg-101-0 , #pg-101-1 { margin-left:-15px;margin-right:-15px } #pg-101-0 > .panel-grid-cell , #pg-101-0 > .panel-row-style > .panel-grid-cell , #pg-101-1 > .panel-grid-cell , #pg-101-1 > .panel-row-style > .panel-grid-cell { padding-left:15px;padding-right:15px } #pl-101 .so-panel:last-child { margin-bottom:0px } #panel-101-0-0-0> .panel-widget-style { text-align:center;font-size:x-large } #panel-101-1-0-0> .panel-widget-style { text-align:justify } @media (max-width:780px){ #pl-101 .panel-grid-cell { float:none;width:auto } #pl-101 .panel-grid { margin-left:0;margin-right:0 } #pl-101 .panel-grid-cell { padding:0 } #pl-101 .panel-grid .panel-grid-cell-empty { display:none } #pl-101 .panel-grid .panel-grid-cell-mobile-last , #pg-101-0 > .panel-grid-cell , #pg-101-0 > .panel-row-style > .panel-grid-cell:last-child , #pg-101-1 > .panel-grid-cell , #pg-101-1 > .panel-row-style > .panel-grid-cell:last-child { margin-bottom:0px } #pg-101-0 > .panel-grid-cell , #pg-101-0 > .panel-row-style > .panel-grid-cell , #pg-101-1 > .panel-grid-cell , #pg-101-1 > .panel-row-style > .panel-grid-cell { margin-bottom:35px } #panel-101-0-0-0> .panel-widget-style { text-align:center;font-size:x-large } #panel-101-1-0-0> .panel-widget-style { text-align:justify }  } <\/style>\n","protected":false},"excerpt":{"rendered":"<p>Qui peu en r\u00e9aliser ? Ces DPS sont r\u00e9alis\u00e9s par des associations agr\u00e9\u00e9es de s\u00e9curit\u00e9 civile, telles que le Centre Fran\u00e7ais de Secourisme. Elles ont des obligations tant au niveau du personnel (formations, tenues) que du mat\u00e9riel (lots de [&hellip;]<\/p>\n","protected":false},"author":2,"featured_media":0,"parent":0,"menu_order":0,"comment_status":"closed","ping_status":"closed","template":"","meta":{"footnotes":""},"class_list":["post-101","page","type-page","status-publish","hentry","post"],"_links":{"self":[{"href":"https:\/\/cfs72.fr\/index.php\/wp-json\/wp\/v2\/pages\/101","targetHints":{"allow":["GET"]}}],"collection":[{"href":"https:\/\/cfs72.fr\/index.php\/wp-json\/wp\/v2\/pages"}],"about":[{"href":"https:\/\/cfs72.fr\/index.php\/wp-json\/wp\/v2\/types\/page"}],"author":[{"embeddable":true,"href":"https:\/\/cfs72.fr\/index.php\/wp-json\/wp\/v2\/users\/2"}],"replies":[{"embeddable":true,"href":"https:\/\/cfs72.fr\/index.php\/wp-json\/wp\/v2\/comments?post=101"}],"version-history":[{"count":7,"href":"https:\/\/cfs72.fr\/index.php\/wp-json\/wp\/v2\/pages\/101\/revisions"}],"predecessor-version":[{"id":464,"href":"https:\/\/cfs72.fr\/index.php\/wp-json\/wp\/v2\/pages\/101\/revisions\/464"}],"wp:attachment":[{"href":"https:\/\/cfs72.fr\/index.php\/wp-json\/wp\/v2\/media?parent=101"}],"curies":[{"name":"wp","href":"https:\/\/api.w.org\/{rel}","templated":true}]}}