{"id":95,"date":"2018-12-24T14:00:30","date_gmt":"2018-12-24T13:00:30","guid":{"rendered":"http:\/\/cfs72.fr\/?page_id=95"},"modified":"2020-09-20T12:18:29","modified_gmt":"2020-09-20T10:18:29","slug":"pse1","status":"publish","type":"page","link":"https:\/\/cfs72.fr\/index.php\/pse1\/","title":{"rendered":"PSE1"},"content":{"rendered":"<div id=\"pl-95\"  class=\"panel-layout\" >\n<div id=\"pg-95-0\"  class=\"panel-grid panel-no-style\"  data-style=\"{&quot;background_image_attachment&quot;:false,&quot;background_display&quot;:&quot;tile&quot;}\"  data-ratio=\"1\"  data-ratio-direction=\"right\" >\n<div id=\"pgc-95-0-0\"  class=\"panel-grid-cell\"  data-weight=\"1\" >\n<div id=\"panel-95-0-0-0\" class=\"so-panel widget widget_text panel-first-child panel-last-child\" data-index=\"0\" data-style=\"{&quot;widget_css&quot;:&quot;text-align: center;\\nfont-size: x-large;&quot;,&quot;mobile_css&quot;:&quot;text-align: center;\\nfont-size: x-large;&quot;,&quot;background_image_attachment&quot;:false,&quot;background_display&quot;:&quot;tile&quot;}\" >\n<div class=\"panel-widget-style panel-widget-style-for-95-0-0-0\" >\n<div class=\"textwidget\">\n<p><strong>PSE1<\/strong><\/p>\n<\/div><\/div>\n<\/div>\n<\/div>\n<\/div>\n<div id=\"pg-95-1\"  class=\"panel-grid panel-no-style\" >\n<div id=\"pgc-95-1-0\"  class=\"panel-grid-cell\"  data-weight=\"1\" >\n<div id=\"panel-95-1-0-0\" class=\"so-panel widget widget_sow-editor panel-first-child panel-last-child\" data-index=\"1\" data-style=\"{&quot;widget_css&quot;:&quot;text-align: justify;&quot;,&quot;mobile_css&quot;:&quot;text-align: center;&quot;,&quot;background_image_attachment&quot;:false,&quot;background_display&quot;:&quot;tile&quot;}\" >\n<div class=\"panel-widget-style panel-widget-style-for-95-1-0-0\" >\n<div class=\"so-widget-sow-editor so-widget-sow-editor-base\">\n<div class=\"siteorigin-widget-tinymce textwidget\">\n<h4><a href=\"http:\/\/127.0.0.1\/pse1\/\">La formation P.S.E. 1<\/a> est fix\u00e9e \u00e0 une dur\u00e9e de 35h. Elle a pour objectif d&rsquo;acqu\u00e9rir les connaissances et les capacit\u00e9s pour porter \u00e0 une ou plusieurs victimes en agissant seul ou en \u00e9quipe, avec ou sans mat\u00e9riel, dans l&rsquo;attente ou en compl\u00e9ment des services publics concern\u00e9s (Assurer sa protection et celle des autres, R\u00e9aliser un bilan et sa transmission, R\u00e9aliser les gestes des Premiers Secours face \u00e0 une obstruction des voies a\u00e9riennes, \u00e0 un saignement abondant, \u00e0 une perte de connaissance, \u00e0 un arr\u00eat cardiaque, \u00e0 une d\u00e9tresse respiratoire, circulatoire et neurologique, \u00e0 un malaire, \u00e0 un traumatisme des membres et de la peau, Assister des \u00e9quipiers secouristes lors de man\u0153uvres d&rsquo;immobilisation, de relevage et de brancardage).<\/h4>\n<h3 style=\"text-align: center;\">Pour plus d&rsquo;informations n&rsquo;h\u00e9sitez pas \u00e0 nous contacter\u00a0<a href=\"http:\/\/cfs72.fr\/index.php\/demande-formation\/\">ici.<\/a><\/h3>\n<p>&nbsp;<\/p>\n<\/div>\n<\/div>\n<\/div>\n<\/div>\n<\/div>\n<\/div>\n<\/div>\n<style type=\"text\/css\" class=\"panels-style\" data-panels-style-for-post=\"95\">@import url(http:\/\/cfs72.fr\/wp-content\/plugins\/siteorigin-panels\/css\/front-legacy.css); #pgc-95-0-0 , #pgc-95-1-0 { width:100% } #pg-95-0 , #pl-95 .so-panel { margin-bottom:35px } #pg-95-0 , #pg-95-1 { margin-left:-15px;margin-right:-15px } #pg-95-0 > .panel-grid-cell , #pg-95-0 > .panel-row-style > .panel-grid-cell , #pg-95-1 > .panel-grid-cell , #pg-95-1 > .panel-row-style > .panel-grid-cell { padding-left:15px;padding-right:15px } #pl-95 .so-panel:last-child { margin-bottom:0px } #panel-95-0-0-0> .panel-widget-style { text-align:center;font-size:x-large } #panel-95-1-0-0> .panel-widget-style { text-align:justify } @media (max-width:780px){ #pl-95 .panel-grid-cell { float:none;width:auto } #pl-95 .panel-grid { margin-left:0;margin-right:0 } #pl-95 .panel-grid-cell { padding:0 } #pl-95 .panel-grid .panel-grid-cell-empty { display:none } #pl-95 .panel-grid .panel-grid-cell-mobile-last , #pg-95-0 > .panel-grid-cell , #pg-95-0 > .panel-row-style > .panel-grid-cell:last-child , #pg-95-1 > .panel-grid-cell , #pg-95-1 > .panel-row-style > .panel-grid-cell:last-child { margin-bottom:0px } #pg-95-0 > .panel-grid-cell , #pg-95-0 > .panel-row-style > .panel-grid-cell , #pg-95-1 > .panel-grid-cell , #pg-95-1 > .panel-row-style > .panel-grid-cell { margin-bottom:35px } #panel-95-0-0-0> .panel-widget-style { text-align:center;font-size:x-large } #panel-95-1-0-0> .panel-widget-style { text-align:center }  } <\/style>\n","protected":false},"excerpt":{"rendered":"<p>PSE1 La formation P.S.E. 1 est fix\u00e9e \u00e0 une dur\u00e9e de 35h. Elle a pour objectif d&rsquo;acqu\u00e9rir les connaissances et les capacit\u00e9s pour porter \u00e0 une ou plusieurs victimes en agissant seul ou en \u00e9quipe, avec ou sans mat\u00e9riel, [&hellip;]<\/p>\n","protected":false},"author":2,"featured_media":0,"parent":0,"menu_order":0,"comment_status":"closed","ping_status":"closed","template":"","meta":{"footnotes":""},"class_list":["post-95","page","type-page","status-publish","hentry","post"],"_links":{"self":[{"href":"https:\/\/cfs72.fr\/index.php\/wp-json\/wp\/v2\/pages\/95","targetHints":{"allow":["GET"]}}],"collection":[{"href":"https:\/\/cfs72.fr\/index.php\/wp-json\/wp\/v2\/pages"}],"about":[{"href":"https:\/\/cfs72.fr\/index.php\/wp-json\/wp\/v2\/types\/page"}],"author":[{"embeddable":true,"href":"https:\/\/cfs72.fr\/index.php\/wp-json\/wp\/v2\/users\/2"}],"replies":[{"embeddable":true,"href":"https:\/\/cfs72.fr\/index.php\/wp-json\/wp\/v2\/comments?post=95"}],"version-history":[{"count":6,"href":"https:\/\/cfs72.fr\/index.php\/wp-json\/wp\/v2\/pages\/95\/revisions"}],"predecessor-version":[{"id":457,"href":"https:\/\/cfs72.fr\/index.php\/wp-json\/wp\/v2\/pages\/95\/revisions\/457"}],"wp:attachment":[{"href":"https:\/\/cfs72.fr\/index.php\/wp-json\/wp\/v2\/media?parent=95"}],"curies":[{"name":"wp","href":"https:\/\/api.w.org\/{rel}","templated":true}]}}