{"id":99,"date":"2018-12-24T14:01:27","date_gmt":"2018-12-24T13:01:27","guid":{"rendered":"http:\/\/cfs72.fr\/?page_id=99"},"modified":"2020-09-20T12:21:51","modified_gmt":"2020-09-20T10:21:51","slug":"quest-ce-quun-dps","status":"publish","type":"page","link":"https:\/\/cfs72.fr\/index.php\/quest-ce-quun-dps\/","title":{"rendered":"Qu&rsquo;est ce qu&rsquo;un dps?"},"content":{"rendered":"<div id=\"pl-99\"  class=\"panel-layout\" >\n<div id=\"pg-99-0\"  class=\"panel-grid panel-no-style\"  data-ratio=\"1\"  data-ratio-direction=\"right\" >\n<div id=\"pgc-99-0-0\"  class=\"panel-grid-cell\"  data-weight=\"1\" >\n<div id=\"panel-99-0-0-0\" class=\"so-panel widget widget_text panel-first-child panel-last-child\" data-index=\"0\" data-style=\"{&quot;widget_css&quot;:&quot;text-align: center;\\nfont-size: x-large;&quot;,&quot;mobile_css&quot;:&quot;text-align: center;\\nfont-size: x-large;&quot;,&quot;background_image_attachment&quot;:false,&quot;background_display&quot;:&quot;tile&quot;}\" >\n<div class=\"panel-widget-style panel-widget-style-for-99-0-0-0\" >\n<div class=\"textwidget\">\n<p><strong>Qu&rsquo;est ce qu&rsquo;un DPS ?<\/strong><\/p>\n<\/div><\/div>\n<\/div>\n<\/div>\n<\/div>\n<div id=\"pg-99-1\"  class=\"panel-grid panel-no-style\" >\n<div id=\"pgc-99-1-0\"  class=\"panel-grid-cell\"  data-weight=\"1\" >\n<div id=\"panel-99-1-0-0\" class=\"so-panel widget widget_sow-editor panel-first-child panel-last-child\" data-index=\"1\" data-style=\"{&quot;widget_css&quot;:&quot;text-align: justify;&quot;,&quot;mobile_css&quot;:&quot;text-align: justify;&quot;,&quot;background_image_attachment&quot;:false,&quot;background_display&quot;:&quot;tile&quot;}\" >\n<div class=\"panel-widget-style panel-widget-style-for-99-1-0-0\" >\n<div class=\"so-widget-sow-editor so-widget-sow-editor-base\">\n<div class=\"siteorigin-widget-tinymce textwidget\">\n<h4>Nos \u00e9quipes form\u00e9es et entra\u00een\u00e9es ont pour mission de \u00ab\u00a0porter secours\u00a0\u00bb lors de dispositifs pr\u00e9visionnels de secours (DPS).<\/h4>\n<h4>Au regard de leurs entra\u00eenements r\u00e9guliers et de leur coh\u00e9sion d&rsquo;\u00e9quipe, les secouristes du Centre Fran\u00e7ais de Secourisme ont acquis des comp\u00e9tences leur permettant de s&rsquo;adapter \u00e0 toutes les situations d&rsquo;urgence qu&rsquo;ils peuvent rencontrer.<\/h4>\n<h4><img loading=\"lazy\" decoding=\"async\" class=\"alignnone size-medium wp-image-221 aligncenter\" src=\"http:\/\/cfs72.fr\/wp-content\/uploads\/2019\/01\/32827855_1702788433139572_5583814804604190720_o-300x225.jpg\" alt=\"\" width=\"300\" height=\"225\" srcset=\"https:\/\/cfs72.fr\/wp-content\/uploads\/2019\/01\/32827855_1702788433139572_5583814804604190720_o-300x225.jpg 300w, https:\/\/cfs72.fr\/wp-content\/uploads\/2019\/01\/32827855_1702788433139572_5583814804604190720_o-768x576.jpg 768w, https:\/\/cfs72.fr\/wp-content\/uploads\/2019\/01\/32827855_1702788433139572_5583814804604190720_o-1024x768.jpg 1024w, https:\/\/cfs72.fr\/wp-content\/uploads\/2019\/01\/32827855_1702788433139572_5583814804604190720_o.jpg 2048w\" sizes=\"auto, (max-width: 300px) 100vw, 300px\" \/><\/h4>\n<h4>Commun\u00e9ment appel\u00e9 \u00ab\u00a0poste de secours\u00a0\u00bb, le dispositif pr\u00e9visionnel de secours est l\u2019ensemble des moyens humains et mat\u00e9riels de premiers secours pr\u00e9 positionn\u00e9s lors d\u2019une manifestation. Fin 2006, le minist\u00e8re mets \u00e0 disposition des organisateurs et des associations, un r\u00e9f\u00e9rentiel qui r\u00e9git le fonctionnement des DPS pour les manifestations accueillant du public. Il existe diff\u00e9rentes tailles de DPS, en fonction de l\u2019importance de la manifestation.\u00a0Ce r\u00e9f\u00e9rentiel est disponible en <a href=\"https:\/\/www.secourisme.net\/IMG\/pdf\/RNMSC-DPS.pdf\" target=\"_blank\" rel=\"noopener noreferrer\">cliquant sur ce lien.<\/a><\/h4>\n<\/div>\n<\/div>\n<\/div>\n<\/div>\n<\/div>\n<\/div>\n<\/div>\n<style type=\"text\/css\" class=\"panels-style\" data-panels-style-for-post=\"99\">@import url(http:\/\/cfs72.fr\/wp-content\/plugins\/siteorigin-panels\/css\/front-legacy.css); #pgc-99-0-0 , #pgc-99-1-0 { width:100% } #pg-99-0 , #pl-99 .so-panel { margin-bottom:35px } #pg-99-0 , #pg-99-1 { margin-left:-15px;margin-right:-15px } #pg-99-0 > .panel-grid-cell , #pg-99-0 > .panel-row-style > .panel-grid-cell , #pg-99-1 > .panel-grid-cell , #pg-99-1 > .panel-row-style > .panel-grid-cell { padding-left:15px;padding-right:15px } #pl-99 .so-panel:last-child { margin-bottom:0px } #panel-99-0-0-0> .panel-widget-style { text-align:center;font-size:x-large } #panel-99-1-0-0> .panel-widget-style { text-align:justify } @media (max-width:780px){ #pl-99 .panel-grid-cell { float:none;width:auto } #pl-99 .panel-grid { margin-left:0;margin-right:0 } #pl-99 .panel-grid-cell { padding:0 } #pl-99 .panel-grid .panel-grid-cell-empty { display:none } #pl-99 .panel-grid .panel-grid-cell-mobile-last , #pg-99-0 > .panel-grid-cell , #pg-99-0 > .panel-row-style > .panel-grid-cell:last-child , #pg-99-1 > .panel-grid-cell , #pg-99-1 > .panel-row-style > .panel-grid-cell:last-child { margin-bottom:0px } #pg-99-0 > .panel-grid-cell , #pg-99-0 > .panel-row-style > .panel-grid-cell , #pg-99-1 > .panel-grid-cell , #pg-99-1 > .panel-row-style > .panel-grid-cell { margin-bottom:35px } #panel-99-0-0-0> .panel-widget-style { text-align:center;font-size:x-large } #panel-99-1-0-0> .panel-widget-style { text-align:justify }  } <\/style>\n","protected":false},"excerpt":{"rendered":"<p>Qu&rsquo;est ce qu&rsquo;un DPS ? Nos \u00e9quipes form\u00e9es et entra\u00een\u00e9es ont pour mission de \u00ab\u00a0porter secours\u00a0\u00bb lors de dispositifs pr\u00e9visionnels de secours (DPS). Au regard de leurs entra\u00eenements r\u00e9guliers et de leur coh\u00e9sion d&rsquo;\u00e9quipe, les secouristes du Centre Fran\u00e7ais [&hellip;]<\/p>\n","protected":false},"author":2,"featured_media":0,"parent":0,"menu_order":0,"comment_status":"closed","ping_status":"closed","template":"","meta":{"footnotes":""},"class_list":["post-99","page","type-page","status-publish","hentry","post"],"_links":{"self":[{"href":"https:\/\/cfs72.fr\/index.php\/wp-json\/wp\/v2\/pages\/99","targetHints":{"allow":["GET"]}}],"collection":[{"href":"https:\/\/cfs72.fr\/index.php\/wp-json\/wp\/v2\/pages"}],"about":[{"href":"https:\/\/cfs72.fr\/index.php\/wp-json\/wp\/v2\/types\/page"}],"author":[{"embeddable":true,"href":"https:\/\/cfs72.fr\/index.php\/wp-json\/wp\/v2\/users\/2"}],"replies":[{"embeddable":true,"href":"https:\/\/cfs72.fr\/index.php\/wp-json\/wp\/v2\/comments?post=99"}],"version-history":[{"count":5,"href":"https:\/\/cfs72.fr\/index.php\/wp-json\/wp\/v2\/pages\/99\/revisions"}],"predecessor-version":[{"id":460,"href":"https:\/\/cfs72.fr\/index.php\/wp-json\/wp\/v2\/pages\/99\/revisions\/460"}],"wp:attachment":[{"href":"https:\/\/cfs72.fr\/index.php\/wp-json\/wp\/v2\/media?parent=99"}],"curies":[{"name":"wp","href":"https:\/\/api.w.org\/{rel}","templated":true}]}}